{"id":807,"date":"2006-04-21T15:52:20","date_gmt":"2006-04-21T13:52:20","guid":{"rendered":"http:\/\/bloggingtom.ch\/was-ist-rss\/"},"modified":"2007-03-13T14:23:43","modified_gmt":"2007-03-13T13:23:43","slug":"was-ist-rss","status":"publish","type":"page","link":"https:\/\/bloggingtom.ch\/blog\/was-ist-rss\/","title":{"rendered":"Was ist RSS"},"content":{"rendered":"<p><strong>RSS<\/strong>, kurz f&uuml;r Really Simple Syndication, erlaubt einem im Handumdrehen <strong>direkt &uuml;ber Aktualisierungen informiert<\/strong> zu werden. Mit RSS Feeds ist man in der Lage <strong>selbst zu entscheiden<\/strong>, was man lesen m&ouml;chte und wann man es lesen m&ouml;chte. Ein einfacher Newsreader erm&ouml;glicht das schon.<\/p>\n<p>Sobald man einen RSS Feed von einer Webseite oder sogar von Suchmaschinen abonniert hat, bezieht dieser Newsreader die aktuellen Informationen eigenst&auml;ndig. So erspart es einem die Zeit, die man &uuml;blicherweise aufbringt, um die Seiten einzelnd nach Aktualisierungen zu durchsuchen. So kommen die neuesten <strong>Informationen sobald sie ver&ouml;ffentlicht wurden<\/strong> direkt zum Newsreader.<\/p>\n<p>Gr&ouml;ssere Newsseiten, Blogs und eine immer gr&ouml;sser werdende Zahl von Unternehmenswebseiten publizieren ihren Inhalt &uuml;ber RSS Feeds. Millionen von Seiten wie z.B. &#8222;<strong>BBC World News<\/strong>&#8220; oder &#8222;<strong>Der Spiegel<\/strong>&#8220; nutzen RSS, um so die Schlagzeilen mit kleinen Zusammenfassungen der Nachrichtenartikel schnell und effizient anzubieten.<\/p>\n<p>Einige Browser wie Firefox pr&uuml;fen automatisch, ob die besuchten Webseiten einen Feed anbieten und stellen dieses <img decoding=\"async\" src=\"http:\/\/bloggingtom.ch\/wp-images\/ownimg\/rsslogo.png\" align=\"absmiddle\" alt=\"RSS Icon\" \/> Icon dar, sobald sie einen Feed gefunden haben. Diese automatische Erkennung wird auch zuk&uuml;nftig im <strong>Internet Explorer und Microsoft Office<\/strong> integriert.<\/p>\n<p><\/p>\n<div class=\"googleseperator\"><\/div>\n<p><!--adsense--><\/p>\n<div class=\"googleseperator\"><\/div>\n<p><\/p>\n<p><strong>Warum RSS einsetzen?<\/strong><\/p>\n<p>Das Entscheidende ist &#8212; RSS bringt Vorteile.<\/p>\n<ul>\n<li>RSS bietet einen effizienten Weg, <strong>Informationen und Resourcen zu organisieren<\/strong>. Die Nachrichten der Medien von sowohl Konkurrenten als auch Kunden oder sogar von Kollegen werden im Newsreader auf einfache Art und Weise dargestellt. Du kannst dadurch schnell eine grosse Menge an Informationen <strong>einfach innerhalb k&uuml;rzester Zeit<\/strong> verarbeiten.<\/li>\n<li><strong>Verbesserte Produktivit&auml;t<\/strong> &#8211; anstatt nach neuen Informationen auf verschiedenen Webseiten zu suchen, findet RSS alle Aktualisierungen f&uuml;r Dich &#8211; praktisch! <strong>Keine Unterbrechungen. Kein endloses Seitenabgrasen mehr.<\/strong><\/li>\n<li>Die Relevanz der Inhalte steigt durch ihr eigenes Zutun. Weil <strong>Du kontrollierst<\/strong>, welche RSS Feeds bei Dir abonniert sind, erstellst Du deine Nachrichten und Informationen <strong>nach deinen pers&ouml;nlichen Priorit&auml;ten und Interessensfeldern<\/strong>.<\/li>\n<\/ul>\n<p>RSS ist daher der moderne Weg, um <strong>durch das Wirrwar im Internet<\/strong> problemlos zu gelangen. Du bringst ein wenig Ordnung in deine digitale Welt, indem Du RSS Feeds die Nachrichten bringen l&auml;sst, <strong>die Du beziehen und verwerten<\/strong> m&ouml;chtest.<\/p>\n<p><\/p>\n<div class=\"googleseperator\"><\/div>\n<p><!--adsense--><\/p>\n<div class=\"googleseperator\"><\/div>\n<p><\/p>\n<p><strong>RSS jetzt verwenden?<\/strong><\/p>\n<p><strong>Schritt 1: Installiere Dir einen Newsreader.<\/strong><br \/>\nSofern Du noch keinen Newsreader auf dem Desktop installiert hast, kannst Du aus folgender Liste w&auml;hlen:<\/p>\n<ul>\n<li><strong>Empfehlenswerte Online-Reader<\/strong>:\n<ul>\n<li><a href=\"http:\/\/www.bloglines.com\" target=\"_blank\">Bloglines.com<\/a>, <a href=\"http:\/\/www.bloglines.com\/sub\/http:\/\/bloggingtom.ch\/feed\/\" target=\"_blank\">RSS Link<\/a> abonnieren<\/li>\n<li><a href=\"http:\/\/blogsearch.google.de\/\" target=\"_blank\">Google Blogsearch<\/a>, <a href=\"http:\/\/fusion.google.com\/add?feedurl=http:\/\/bloggingtom.ch\/feed\/\" target=\"_blank\">RSS Link<\/a> abonnieren<\/li>\n<li><a href=\"http:\/\/technorati.com\/faves\/\" target=\"_blank\">Technorati Favoriten<\/a>, <a href=\"http:\/\/technorati.com\/faves\/?add=http:\/\/bloggingtom.ch\/\" target=\"_blank\">RSS Link<\/a> abonnieren<\/li>\n<\/ul>\n<\/li>\n<li><strong>Offline-RSS Reader<\/strong>\n<ul>\n<li><a href=\"http:\/\/www.rssowl.org\/\" target=\"_blank\">RSS Owl<\/a>, kostenloses OpenSource Programm<\/li>\n<li><a href=\"http:\/\/www.feedreader.com\/\" target=\"_blank\">Feedreader<\/a>, kostenloses OpenSource Programm<\/li>\n<li><a href=\"http:\/\/www.newsbee.de\/\" target=\"_blank\">Newsbee<\/a>, kostenloses OpenSource Programm (deutsch)<\/li>\n<li><a href=\"http:\/\/www.jetbrains.com\/omea\/reader\/\" target=\"_blank\">Omea-Reader<\/a>, kostenloses Programm<\/li>\n<li><a href=\"http:\/\/www.bradsoft.com\/feeddemon\/\" target=\"_blank\">Feeddemon<\/a>, kostenpflichtig<\/li>\n<\/ul>\n<\/li>\n<\/ul>\n<p><strong>Schritt 2: RSS Feeds Abonnieren!<\/strong><br \/>\nHier die RSS-Links meiner Blogs zum kopieren:<\/p>\n<ul>\n<li><img decoding=\"async\" src=\"http:\/\/bloggingtom.ch\/wp-images\/ownimg\/rsslogo.png\" align=\"abscenter\" alt=\"RSS Icon\" \/>&nbsp;<a href=\"http:\/\/bloggingtom.ch\/feed\/\" target=\"_blank\">BloggingTom &#8211; Vollst\u00e4ndige Artikel<\/a><\/li>\n<li><img decoding=\"async\" src=\"http:\/\/bloggingtom.ch\/wp-images\/ownimg\/rsslogo.png\" align=\"abscenter\" alt=\"RSS Icon\" \/>&nbsp;<a href=\"http:\/\/bloggingtom.ch\/feed\/short\/\" target=\"_blank\">BloggingTom &#8211; Ausz\u00fcge<\/a><\/li>\n<li><img decoding=\"async\" src=\"http:\/\/bloggingtom.ch\/wp-images\/ownimg\/rsslogo.png\" align=\"abscenter\" alt=\"RSS Icon\" \/>&nbsp;<a href=\"http:\/\/bloggingtom.ch\/comments\/feed\/\" target=\"_blank\">BloggingTom &#8211; Kommentare<\/a><br \/>&nbsp;<\/li>\n<li><img decoding=\"async\" src=\"http:\/\/bloggingtom.ch\/wp-images\/ownimg\/rsslogo.png\" align=\"abscenter\" alt=\"RSS Icon\" \/>&nbsp;<a href=\"http:\/\/travelblogger.ch\/feed\/\" target=\"_blank\">Travelblogger<\/a> &#8211; Reise-News von Nah und Fern<\/li>\n<\/ul>\n<p>Doch zu kompliziert? Alternativ kannst Du auch den <a href=\"http:\/\/bloggingtom.ch\/newsletter\/\" target=\"_top\">Newsletter<\/a> abonnieren. Damit erh\u00e4ltst Du einmal t\u00e4glich ein Mail mit den neuen Beitr\u00e4gen frei Haus geliefert.<\/p>\n<p><small>Dieser Text wurde (mit kleinen &Auml;nderungen) direkt von <a href=\"http:\/\/www.sichelputzer.de\/abo-per-rss\" target=\"_blank\">Telagon Sichelputzer<\/a> &uuml;bernommen. Besten Dank an <a href=\"http:\/\/www.sichelputzer.de\/\" target=\"_blank\">Mike<\/a> f&uuml;r das Einverst&auml;ndnis.<\/small><\/p>\n","protected":false},"excerpt":{"rendered":"<p>RSS, kurz f&uuml;r Really Simple Syndication, erlaubt einem im Handumdrehen direkt &uuml;ber Aktualisierungen informiert zu werden. Mit RSS Feeds ist man in der Lage selbst zu entscheiden, was man lesen m&ouml;chte und wann man es lesen m&ouml;chte. Ein einfacher Newsreader erm&ouml;glicht das schon. Sobald man einen RSS Feed von einer Webseite oder sogar von Suchmaschinen [&hellip;]<\/p>\n","protected":false},"author":1,"featured_media":0,"parent":0,"menu_order":0,"comment_status":"closed","ping_status":"closed","template":"","meta":{"twitterCardType":"","cardImageID":0,"cardImage":"","cardTitle":"","cardDesc":"","cardImageAlt":"","cardPlayer":"","cardPlayerWidth":0,"cardPlayerHeight":0,"cardPlayerStream":"","cardPlayerCodec":"","footnotes":""},"class_list":["post-807","page","type-page","status-publish","hentry"],"yoast_head":"<!-- This site is optimized with the Yoast SEO plugin v27.1.1 - https:\/\/yoast.com\/product\/yoast-seo-wordpress\/ -->\n<title>Was ist RSS - BloggingTom<\/title>\n<meta name=\"robots\" content=\"index, follow, max-snippet:-1, max-image-preview:large, max-video-preview:-1\" \/>\n<link rel=\"canonical\" href=\"https:\/\/bloggingtom.ch\/blog\/was-ist-rss\/\" \/>\n<meta name=\"twitter:label1\" content=\"Gesch\u00e4tzte Lesezeit\" \/>\n\t<meta name=\"twitter:data1\" content=\"3\u00a0Minuten\" \/>\n<script type=\"application\/ld+json\" class=\"yoast-schema-graph\">{\"@context\":\"https:\/\/schema.org\",\"@graph\":[{\"@type\":\"WebPage\",\"@id\":\"https:\/\/bloggingtom.ch\/blog\/was-ist-rss\/\",\"url\":\"https:\/\/bloggingtom.ch\/blog\/was-ist-rss\/\",\"name\":\"Was ist RSS - BloggingTom\",\"isPartOf\":{\"@id\":\"https:\/\/bloggingtom.ch\/blog\/#website\"},\"primaryImageOfPage\":{\"@id\":\"https:\/\/bloggingtom.ch\/blog\/was-ist-rss\/#primaryimage\"},\"image\":{\"@id\":\"https:\/\/bloggingtom.ch\/blog\/was-ist-rss\/#primaryimage\"},\"thumbnailUrl\":\"http:\/\/bloggingtom.ch\/wp-images\/ownimg\/rsslogo.png\",\"datePublished\":\"2006-04-21T13:52:20+00:00\",\"dateModified\":\"2007-03-13T13:23:43+00:00\",\"breadcrumb\":{\"@id\":\"https:\/\/bloggingtom.ch\/blog\/was-ist-rss\/#breadcrumb\"},\"inLanguage\":\"de\",\"potentialAction\":[{\"@type\":\"ReadAction\",\"target\":[\"https:\/\/bloggingtom.ch\/blog\/was-ist-rss\/\"]}]},{\"@type\":\"ImageObject\",\"inLanguage\":\"de\",\"@id\":\"https:\/\/bloggingtom.ch\/blog\/was-ist-rss\/#primaryimage\",\"url\":\"http:\/\/bloggingtom.ch\/wp-images\/ownimg\/rsslogo.png\",\"contentUrl\":\"http:\/\/bloggingtom.ch\/wp-images\/ownimg\/rsslogo.png\"},{\"@type\":\"BreadcrumbList\",\"@id\":\"https:\/\/bloggingtom.ch\/blog\/was-ist-rss\/#breadcrumb\",\"itemListElement\":[{\"@type\":\"ListItem\",\"position\":1,\"name\":\"Home\",\"item\":\"https:\/\/bloggingtom.ch\/blog\/\"},{\"@type\":\"ListItem\",\"position\":2,\"name\":\"Was ist RSS\"}]},{\"@type\":\"WebSite\",\"@id\":\"https:\/\/bloggingtom.ch\/blog\/#website\",\"url\":\"https:\/\/bloggingtom.ch\/blog\/\",\"name\":\"BloggingTom\",\"description\":\"Die t\u00e4glichen Abenteuer im Cyberspace...\",\"publisher\":{\"@id\":\"https:\/\/bloggingtom.ch\/blog\/#\/schema\/person\/f6c8d3d5f30c10217b69ac72723e9d1c\"},\"potentialAction\":[{\"@type\":\"SearchAction\",\"target\":{\"@type\":\"EntryPoint\",\"urlTemplate\":\"https:\/\/bloggingtom.ch\/blog\/?s={search_term_string}\"},\"query-input\":{\"@type\":\"PropertyValueSpecification\",\"valueRequired\":true,\"valueName\":\"search_term_string\"}}],\"inLanguage\":\"de\"},{\"@type\":[\"Person\",\"Organization\"],\"@id\":\"https:\/\/bloggingtom.ch\/blog\/#\/schema\/person\/f6c8d3d5f30c10217b69ac72723e9d1c\",\"name\":\"BloggingTom\",\"image\":{\"@type\":\"ImageObject\",\"inLanguage\":\"de\",\"@id\":\"https:\/\/bloggingtom.ch\/blog\/#\/schema\/person\/image\/\",\"url\":\"https:\/\/secure.gravatar.com\/avatar\/17c2b6a2966fc102465cf177587d359e4dac41adfaab355352baee5d5d46f277?s=96&d=mm&r=g\",\"contentUrl\":\"https:\/\/secure.gravatar.com\/avatar\/17c2b6a2966fc102465cf177587d359e4dac41adfaab355352baee5d5d46f277?s=96&d=mm&r=g\",\"caption\":\"BloggingTom\"},\"logo\":{\"@id\":\"https:\/\/bloggingtom.ch\/blog\/#\/schema\/person\/image\/\"},\"sameAs\":[\"http:\/\/bloggingtom.ch\"]}]}<\/script>\n<!-- \/ Yoast SEO plugin. -->","yoast_head_json":{"title":"Was ist RSS - BloggingTom","robots":{"index":"index","follow":"follow","max-snippet":"max-snippet:-1","max-image-preview":"max-image-preview:large","max-video-preview":"max-video-preview:-1"},"canonical":"https:\/\/bloggingtom.ch\/blog\/was-ist-rss\/","twitter_misc":{"Gesch\u00e4tzte Lesezeit":"3\u00a0Minuten"},"schema":{"@context":"https:\/\/schema.org","@graph":[{"@type":"WebPage","@id":"https:\/\/bloggingtom.ch\/blog\/was-ist-rss\/","url":"https:\/\/bloggingtom.ch\/blog\/was-ist-rss\/","name":"Was ist RSS - BloggingTom","isPartOf":{"@id":"https:\/\/bloggingtom.ch\/blog\/#website"},"primaryImageOfPage":{"@id":"https:\/\/bloggingtom.ch\/blog\/was-ist-rss\/#primaryimage"},"image":{"@id":"https:\/\/bloggingtom.ch\/blog\/was-ist-rss\/#primaryimage"},"thumbnailUrl":"http:\/\/bloggingtom.ch\/wp-images\/ownimg\/rsslogo.png","datePublished":"2006-04-21T13:52:20+00:00","dateModified":"2007-03-13T13:23:43+00:00","breadcrumb":{"@id":"https:\/\/bloggingtom.ch\/blog\/was-ist-rss\/#breadcrumb"},"inLanguage":"de","potentialAction":[{"@type":"ReadAction","target":["https:\/\/bloggingtom.ch\/blog\/was-ist-rss\/"]}]},{"@type":"ImageObject","inLanguage":"de","@id":"https:\/\/bloggingtom.ch\/blog\/was-ist-rss\/#primaryimage","url":"http:\/\/bloggingtom.ch\/wp-images\/ownimg\/rsslogo.png","contentUrl":"http:\/\/bloggingtom.ch\/wp-images\/ownimg\/rsslogo.png"},{"@type":"BreadcrumbList","@id":"https:\/\/bloggingtom.ch\/blog\/was-ist-rss\/#breadcrumb","itemListElement":[{"@type":"ListItem","position":1,"name":"Home","item":"https:\/\/bloggingtom.ch\/blog\/"},{"@type":"ListItem","position":2,"name":"Was ist RSS"}]},{"@type":"WebSite","@id":"https:\/\/bloggingtom.ch\/blog\/#website","url":"https:\/\/bloggingtom.ch\/blog\/","name":"BloggingTom","description":"Die t\u00e4glichen Abenteuer im Cyberspace...","publisher":{"@id":"https:\/\/bloggingtom.ch\/blog\/#\/schema\/person\/f6c8d3d5f30c10217b69ac72723e9d1c"},"potentialAction":[{"@type":"SearchAction","target":{"@type":"EntryPoint","urlTemplate":"https:\/\/bloggingtom.ch\/blog\/?s={search_term_string}"},"query-input":{"@type":"PropertyValueSpecification","valueRequired":true,"valueName":"search_term_string"}}],"inLanguage":"de"},{"@type":["Person","Organization"],"@id":"https:\/\/bloggingtom.ch\/blog\/#\/schema\/person\/f6c8d3d5f30c10217b69ac72723e9d1c","name":"BloggingTom","image":{"@type":"ImageObject","inLanguage":"de","@id":"https:\/\/bloggingtom.ch\/blog\/#\/schema\/person\/image\/","url":"https:\/\/secure.gravatar.com\/avatar\/17c2b6a2966fc102465cf177587d359e4dac41adfaab355352baee5d5d46f277?s=96&d=mm&r=g","contentUrl":"https:\/\/secure.gravatar.com\/avatar\/17c2b6a2966fc102465cf177587d359e4dac41adfaab355352baee5d5d46f277?s=96&d=mm&r=g","caption":"BloggingTom"},"logo":{"@id":"https:\/\/bloggingtom.ch\/blog\/#\/schema\/person\/image\/"},"sameAs":["http:\/\/bloggingtom.ch"]}]}},"jetpack_shortlink":"https:\/\/wp.me\/Pa6Ev-d1","jetpack_likes_enabled":true,"jetpack_sharing_enabled":true,"_links":{"self":[{"href":"https:\/\/bloggingtom.ch\/blog\/wp-json\/wp\/v2\/pages\/807","targetHints":{"allow":["GET"]}}],"collection":[{"href":"https:\/\/bloggingtom.ch\/blog\/wp-json\/wp\/v2\/pages"}],"about":[{"href":"https:\/\/bloggingtom.ch\/blog\/wp-json\/wp\/v2\/types\/page"}],"author":[{"embeddable":true,"href":"https:\/\/bloggingtom.ch\/blog\/wp-json\/wp\/v2\/users\/1"}],"replies":[{"embeddable":true,"href":"https:\/\/bloggingtom.ch\/blog\/wp-json\/wp\/v2\/comments?post=807"}],"version-history":[{"count":0,"href":"https:\/\/bloggingtom.ch\/blog\/wp-json\/wp\/v2\/pages\/807\/revisions"}],"wp:attachment":[{"href":"https:\/\/bloggingtom.ch\/blog\/wp-json\/wp\/v2\/media?parent=807"}],"curies":[{"name":"wp","href":"https:\/\/api.w.org\/{rel}","templated":true}]}}