{"id":1404,"date":"2007-03-13T08:48:53","date_gmt":"2007-03-13T07:48:53","guid":{"rendered":"http:\/\/bloggingtom.ch\/newsletter\/"},"modified":"2020-05-06T09:46:53","modified_gmt":"2020-05-06T07:46:53","slug":"newsletter","status":"publish","type":"page","link":"https:\/\/bloggingtom.ch\/blog\/newsletter\/","title":{"rendered":"Newsletter-Abo"},"content":{"rendered":"<p>Die Beitr\u00e4ge auf BloggingTom k\u00f6nnen auch als Newsletter abonniert werden. Der Newsletter wird, neue Beitr\u00e4ge vorausgesetzt, einmal t\u00e4glich verschickt.<\/p>\n<p>Das Abonnieren des Newsletters ist einfach:<\/p>\n<ul>\n<li>Die eMail-Adresse im Formular eingeben<\/li>\n<li>Im Popup den Spamschutz best\u00e4tigen<\/li>\n<li>Es folgt eine Best\u00e4tigungsanfrage per eMail. Ein Klick auf den enthaltenen Link aktiviert die Zustellung des t\u00e4glichen Newsletters.<\/li>\n<\/ul>\n<form style=\"padding: 1px; text-align: center;\" action=\"http:\/\/feedburner.google.com\/fb\/a\/emailverify\" method=\"post\" target=\"popupwindow\">\n<fieldset>\n<legend class=\"commentform_title\"> Newsletter abonnieren <\/legend>\n<p><label for=\"email\">eMail: <\/label> <input style=\"width: 140px;\" name=\"email\" type=\"text\" \/> <input type=\"submit\" value=\"Newsletter abonnieren\" \/><\/p>\n<p><input name=\"title\" type=\"hidden\" value=\"BloggingTom\" \/><input name=\"loc\" type=\"hidden\" value=\"de_DE\" \/><\/fieldset>\n<\/form>\n<p><!--adsense--><\/p>\n<div class=\"googleseperator\"><\/div>\n<h2>Alternative RSS<\/h2>\n<p>Anstelle des Newsletters k\u00f6nnen die Beitr\u00e4ge nat\u00fcrlich auch \u00fcber einen RSS-Feed gelesen werden. Mehr \u00fcber RSS und Links zu RSS-Software gibts auch in meinem FAQ &#8222;<a href=\"http:\/\/bloggingtom.ch\/blog\/was-ist-rss\/\" target=\"_top\" rel=\"noopener noreferrer\">Was ist RSS<\/a>&#8222;.<\/p>\n<p>Hier die Links zu den RSS-Feeds:<\/p>\n<ul>\n<li><img decoding=\"async\" src=\"http:\/\/bloggingtom.ch\/wp-images\/ownimg\/rsslogo.png\" alt=\"RSS Icon\" align=\"absmiddle\" \/>\u00a0<a href=\"http:\/\/bloggingtom.ch\/blog\/feed\/\" target=\"_blank\" rel=\"nofollow noopener noreferrer\">BloggingTom &#8211; Vollst\u00e4ndige Artikel<\/a><\/li>\n<li><img decoding=\"async\" src=\"http:\/\/bloggingtom.ch\/wp-images\/ownimg\/rsslogo.png\" alt=\"RSS Icon\" align=\"absmiddle\" \/>\u00a0<a href=\"http:\/\/bloggingtom.ch\/blog\/feed\/short\/\" target=\"_blank\" rel=\"nofollow noopener noreferrer\">BloggingTom &#8211; Ausz\u00fcge<\/a><\/li>\n<li><img decoding=\"async\" src=\"http:\/\/bloggingtom.ch\/wp-images\/ownimg\/rsslogo.png\" alt=\"RSS Icon\" align=\"absmiddle\" \/>\u00a0<a href=\"http:\/\/bloggingtom.ch\/blog\/comments\/feed\/\" target=\"_blank\" rel=\"nofollow noopener noreferrer\">BloggingTom &#8211; Kommentare<\/a><\/li>\n<li><img decoding=\"async\" src=\"http:\/\/bloggingtom.ch\/wp-images\/ownimg\/rsslogo.png\" alt=\"RSS Icon\" align=\"absmiddle\" \/>\u00a0<a href=\"http:\/\/travelblogger.ch\/feed\/\" target=\"_blank\" rel=\"nofollow noopener noreferrer\">Travelblogger<\/a> &#8211; Reise-News von Nah und Fern<\/li>\n<\/ul>\n<div class=\"googleseperator\"><\/div>\n<p><!--adsense--><\/p>\n<div class=\"googleseperator\"><\/div>\n","protected":false},"excerpt":{"rendered":"<p>Die Beitr\u00e4ge auf BloggingTom k\u00f6nnen auch als Newsletter abonniert werden. Der Newsletter wird, neue Beitr\u00e4ge vorausgesetzt, einmal t\u00e4glich verschickt. Das Abonnieren des Newsletters ist einfach: Die eMail-Adresse im Formular eingeben Im Popup den Spamschutz best\u00e4tigen Es folgt eine Best\u00e4tigungsanfrage per eMail. Ein Klick auf den enthaltenen Link aktiviert die Zustellung des t\u00e4glichen Newsletters. Newsletter abonnieren [&hellip;]<\/p>\n","protected":false},"author":1,"featured_media":0,"parent":0,"menu_order":0,"comment_status":"closed","ping_status":"closed","template":"","meta":{"twitterCardType":"","cardImageID":0,"cardImage":"","cardTitle":"","cardDesc":"","cardImageAlt":"","cardPlayer":"","cardPlayerWidth":0,"cardPlayerHeight":0,"cardPlayerStream":"","cardPlayerCodec":"","footnotes":""},"class_list":["post-1404","page","type-page","status-publish","hentry"],"yoast_head":"<!-- This site is optimized with the Yoast SEO plugin v27.1.1 - https:\/\/yoast.com\/product\/yoast-seo-wordpress\/ -->\n<title>Newsletter-Abo - BloggingTom<\/title>\n<meta name=\"robots\" content=\"index, follow, max-snippet:-1, max-image-preview:large, max-video-preview:-1\" \/>\n<link rel=\"canonical\" href=\"https:\/\/bloggingtom.ch\/blog\/newsletter\/\" \/>\n<meta name=\"twitter:label1\" content=\"Gesch\u00e4tzte Lesezeit\" \/>\n\t<meta name=\"twitter:data1\" content=\"1\u00a0Minute\" \/>\n<script type=\"application\/ld+json\" class=\"yoast-schema-graph\">{\"@context\":\"https:\/\/schema.org\",\"@graph\":[{\"@type\":\"WebPage\",\"@id\":\"https:\/\/bloggingtom.ch\/blog\/newsletter\/\",\"url\":\"https:\/\/bloggingtom.ch\/blog\/newsletter\/\",\"name\":\"Newsletter-Abo - BloggingTom\",\"isPartOf\":{\"@id\":\"https:\/\/bloggingtom.ch\/blog\/#website\"},\"primaryImageOfPage\":{\"@id\":\"https:\/\/bloggingtom.ch\/blog\/newsletter\/#primaryimage\"},\"image\":{\"@id\":\"https:\/\/bloggingtom.ch\/blog\/newsletter\/#primaryimage\"},\"thumbnailUrl\":\"http:\/\/bloggingtom.ch\/wp-images\/ownimg\/rsslogo.png\",\"datePublished\":\"2007-03-13T07:48:53+00:00\",\"dateModified\":\"2020-05-06T07:46:53+00:00\",\"breadcrumb\":{\"@id\":\"https:\/\/bloggingtom.ch\/blog\/newsletter\/#breadcrumb\"},\"inLanguage\":\"de\",\"potentialAction\":[{\"@type\":\"ReadAction\",\"target\":[\"https:\/\/bloggingtom.ch\/blog\/newsletter\/\"]}]},{\"@type\":\"ImageObject\",\"inLanguage\":\"de\",\"@id\":\"https:\/\/bloggingtom.ch\/blog\/newsletter\/#primaryimage\",\"url\":\"http:\/\/bloggingtom.ch\/wp-images\/ownimg\/rsslogo.png\",\"contentUrl\":\"http:\/\/bloggingtom.ch\/wp-images\/ownimg\/rsslogo.png\"},{\"@type\":\"BreadcrumbList\",\"@id\":\"https:\/\/bloggingtom.ch\/blog\/newsletter\/#breadcrumb\",\"itemListElement\":[{\"@type\":\"ListItem\",\"position\":1,\"name\":\"Home\",\"item\":\"https:\/\/bloggingtom.ch\/blog\/\"},{\"@type\":\"ListItem\",\"position\":2,\"name\":\"Newsletter-Abo\"}]},{\"@type\":\"WebSite\",\"@id\":\"https:\/\/bloggingtom.ch\/blog\/#website\",\"url\":\"https:\/\/bloggingtom.ch\/blog\/\",\"name\":\"BloggingTom\",\"description\":\"Die t\u00e4glichen Abenteuer im Cyberspace...\",\"publisher\":{\"@id\":\"https:\/\/bloggingtom.ch\/blog\/#\/schema\/person\/f6c8d3d5f30c10217b69ac72723e9d1c\"},\"potentialAction\":[{\"@type\":\"SearchAction\",\"target\":{\"@type\":\"EntryPoint\",\"urlTemplate\":\"https:\/\/bloggingtom.ch\/blog\/?s={search_term_string}\"},\"query-input\":{\"@type\":\"PropertyValueSpecification\",\"valueRequired\":true,\"valueName\":\"search_term_string\"}}],\"inLanguage\":\"de\"},{\"@type\":[\"Person\",\"Organization\"],\"@id\":\"https:\/\/bloggingtom.ch\/blog\/#\/schema\/person\/f6c8d3d5f30c10217b69ac72723e9d1c\",\"name\":\"BloggingTom\",\"image\":{\"@type\":\"ImageObject\",\"inLanguage\":\"de\",\"@id\":\"https:\/\/bloggingtom.ch\/blog\/#\/schema\/person\/image\/\",\"url\":\"https:\/\/secure.gravatar.com\/avatar\/17c2b6a2966fc102465cf177587d359e4dac41adfaab355352baee5d5d46f277?s=96&d=mm&r=g\",\"contentUrl\":\"https:\/\/secure.gravatar.com\/avatar\/17c2b6a2966fc102465cf177587d359e4dac41adfaab355352baee5d5d46f277?s=96&d=mm&r=g\",\"caption\":\"BloggingTom\"},\"logo\":{\"@id\":\"https:\/\/bloggingtom.ch\/blog\/#\/schema\/person\/image\/\"},\"sameAs\":[\"http:\/\/bloggingtom.ch\"]}]}<\/script>\n<!-- \/ Yoast SEO plugin. -->","yoast_head_json":{"title":"Newsletter-Abo - BloggingTom","robots":{"index":"index","follow":"follow","max-snippet":"max-snippet:-1","max-image-preview":"max-image-preview:large","max-video-preview":"max-video-preview:-1"},"canonical":"https:\/\/bloggingtom.ch\/blog\/newsletter\/","twitter_misc":{"Gesch\u00e4tzte Lesezeit":"1\u00a0Minute"},"schema":{"@context":"https:\/\/schema.org","@graph":[{"@type":"WebPage","@id":"https:\/\/bloggingtom.ch\/blog\/newsletter\/","url":"https:\/\/bloggingtom.ch\/blog\/newsletter\/","name":"Newsletter-Abo - BloggingTom","isPartOf":{"@id":"https:\/\/bloggingtom.ch\/blog\/#website"},"primaryImageOfPage":{"@id":"https:\/\/bloggingtom.ch\/blog\/newsletter\/#primaryimage"},"image":{"@id":"https:\/\/bloggingtom.ch\/blog\/newsletter\/#primaryimage"},"thumbnailUrl":"http:\/\/bloggingtom.ch\/wp-images\/ownimg\/rsslogo.png","datePublished":"2007-03-13T07:48:53+00:00","dateModified":"2020-05-06T07:46:53+00:00","breadcrumb":{"@id":"https:\/\/bloggingtom.ch\/blog\/newsletter\/#breadcrumb"},"inLanguage":"de","potentialAction":[{"@type":"ReadAction","target":["https:\/\/bloggingtom.ch\/blog\/newsletter\/"]}]},{"@type":"ImageObject","inLanguage":"de","@id":"https:\/\/bloggingtom.ch\/blog\/newsletter\/#primaryimage","url":"http:\/\/bloggingtom.ch\/wp-images\/ownimg\/rsslogo.png","contentUrl":"http:\/\/bloggingtom.ch\/wp-images\/ownimg\/rsslogo.png"},{"@type":"BreadcrumbList","@id":"https:\/\/bloggingtom.ch\/blog\/newsletter\/#breadcrumb","itemListElement":[{"@type":"ListItem","position":1,"name":"Home","item":"https:\/\/bloggingtom.ch\/blog\/"},{"@type":"ListItem","position":2,"name":"Newsletter-Abo"}]},{"@type":"WebSite","@id":"https:\/\/bloggingtom.ch\/blog\/#website","url":"https:\/\/bloggingtom.ch\/blog\/","name":"BloggingTom","description":"Die t\u00e4glichen Abenteuer im Cyberspace...","publisher":{"@id":"https:\/\/bloggingtom.ch\/blog\/#\/schema\/person\/f6c8d3d5f30c10217b69ac72723e9d1c"},"potentialAction":[{"@type":"SearchAction","target":{"@type":"EntryPoint","urlTemplate":"https:\/\/bloggingtom.ch\/blog\/?s={search_term_string}"},"query-input":{"@type":"PropertyValueSpecification","valueRequired":true,"valueName":"search_term_string"}}],"inLanguage":"de"},{"@type":["Person","Organization"],"@id":"https:\/\/bloggingtom.ch\/blog\/#\/schema\/person\/f6c8d3d5f30c10217b69ac72723e9d1c","name":"BloggingTom","image":{"@type":"ImageObject","inLanguage":"de","@id":"https:\/\/bloggingtom.ch\/blog\/#\/schema\/person\/image\/","url":"https:\/\/secure.gravatar.com\/avatar\/17c2b6a2966fc102465cf177587d359e4dac41adfaab355352baee5d5d46f277?s=96&d=mm&r=g","contentUrl":"https:\/\/secure.gravatar.com\/avatar\/17c2b6a2966fc102465cf177587d359e4dac41adfaab355352baee5d5d46f277?s=96&d=mm&r=g","caption":"BloggingTom"},"logo":{"@id":"https:\/\/bloggingtom.ch\/blog\/#\/schema\/person\/image\/"},"sameAs":["http:\/\/bloggingtom.ch"]}]}},"jetpack_shortlink":"https:\/\/wp.me\/Pa6Ev-mE","jetpack_likes_enabled":true,"jetpack_sharing_enabled":true,"_links":{"self":[{"href":"https:\/\/bloggingtom.ch\/blog\/wp-json\/wp\/v2\/pages\/1404","targetHints":{"allow":["GET"]}}],"collection":[{"href":"https:\/\/bloggingtom.ch\/blog\/wp-json\/wp\/v2\/pages"}],"about":[{"href":"https:\/\/bloggingtom.ch\/blog\/wp-json\/wp\/v2\/types\/page"}],"author":[{"embeddable":true,"href":"https:\/\/bloggingtom.ch\/blog\/wp-json\/wp\/v2\/users\/1"}],"replies":[{"embeddable":true,"href":"https:\/\/bloggingtom.ch\/blog\/wp-json\/wp\/v2\/comments?post=1404"}],"version-history":[{"count":1,"href":"https:\/\/bloggingtom.ch\/blog\/wp-json\/wp\/v2\/pages\/1404\/revisions"}],"predecessor-version":[{"id":3856,"href":"https:\/\/bloggingtom.ch\/blog\/wp-json\/wp\/v2\/pages\/1404\/revisions\/3856"}],"wp:attachment":[{"href":"https:\/\/bloggingtom.ch\/blog\/wp-json\/wp\/v2\/media?parent=1404"}],"curies":[{"name":"wp","href":"https:\/\/api.w.org\/{rel}","templated":true}]}}